is the units digit of s?
9
Let z be -4*(3 + -2) - 0. What is the tens digit of (-1)/z + (-129)/(-12)?
1
Let h(g) = -3*g**2 + 3*g - 1. Let y be h(3). Let x = y - -7. What is the units digit of (-2)/6 - 88/x?
7
What is the tens digit of (-6)/(-4) - (-605)/22?
2
Let k(b) = -3*b - 1. What is the tens digit of k(-4)?
1
Suppose 4*x - h + 5*h = 124, h - 171 = -5*x. What is the units digit of x?
5
Let l(u) = 13*u - 5 - 4*u**2 - u**2 + 4*u**2. What is the tens digit of l(10)?
2
Let z(c) = c**3 - c**2 + 4*c - 4. What is the tens digit of z(3)?
2
Let t = -13 - -16. Let v(b) = -2*b - 5. Let o(z) = z + 1. Let u(s) = 4*o(s) + v(s). What is the units digit of u(t)?
5
Let l(h) = h**2 + h + 2. Let i = -4 - 0. What is the units digit of l(i)?
4
Suppose 2*u + 0*u - 62 = 0. What is the tens digit of u?
3
What is the tens digit of (2 - 714)/(12 - 14)?
5
Suppose 4*i = 8*i - 232. What is the tens digit of i?
5
Let v be (0 - 1)*(1 - 5). Let i(z) = 2*z - 6. Let o be i(v). Suppose -3*h + 6 = 3*q - 6, o*q = -3*h + 11. What is the units digit of h?
3
Suppose 2*n + 9*n = 286. What is the units digit of n?
6
Let g = -59 + 102. Suppose 4*y - 77 = g. Suppose -n - y = -6*n. What is the units digit of n?
6
Suppose -3*m + 161 = 4*f, 2*f + 93 = 4*f - m. What is the units digit of f?
4
Let c = 9 - -2. What is the units digit of c?
1
Let a(o) be the third derivative of 0 + 1/60*o**5 - o**3 + o**2 - 1/4*o**4 + 0*o. What is the units digit of a(9)?
1
Let t(s) = -2*s + 3. Let q be (-9)/(-3) - (4 + 1). What is the units digit of t(q)?
7
Let v be (-2)/(3/(18/(-4))). What is the units digit of (1/v)/(6/126)?
7
Let z = 7 + -5. Let w(l) = -l**3 - 4*l**2 + 4*l. Let s be w(-5). Suppose s*p - z*p = 3. What is the units digit of p?
1
Let c(n) = -n**2 - 26. Let u be c(0). Let l = -18 - u. What is the units digit of l?
8
Let r(v) = -2*v - 5. Let o be r(-3). Suppose -20 = -b - 4*w, -4*w + o - 5 = -b. What is the tens digit of b?
1
Let q(z) = 2*z + z + 2 + 1 + 4*z**2 - 3*z**2. Let h be q(-4). Let a(f) = f**3 - 8*f**2 + 8*f - 3. What is the units digit of a(h)?
4
Let h(x) = 5*x - 10. What is the tens digit of h(6)?
2
Let q = -81 + 114. Suppose x + 49 = z, q = z + 2*x - 1. What is the units digit of z?
4
Let n be 5*(-7)/(105/(-18)). Let b be (n/4)/((-1)/(-2)). What is the units digit of 4 - ((-3)/b + 0)?
5
Suppose 3*g + 2*g = 2*x - 31, 4*x = 2*g + 22. Let v = 1 - 2. Let d = v - g. What is the units digit of d?
4
Let z(s) = s**2 + s - 5. Let x be z(-5). Let o = x + 7. What is the units digit of o?
2
Let k = 3 - -2. Suppose k*y - 8 = 3*a, 0 = -4*y + 5*y + 3*a + 2. What is the units digit of y?
1
Suppose 14 = -4*i - s, 3*s + 0*s = 2*i. Let v = 18 + i. What is the units digit of v?
5
Suppose -f + 20 = -5*l, -4*f + 4 = -l - 0*f. Let v(z) = z**3 - 2 + 5*z**2 + 0 + z - 2 + 2. What is the units digit of v(l)?
0
Let p(n) = 10*n**2 - n - 1 - 2 - 11*n**2. Let d be p(0). What is the units digit of -1 - 22/3*d?
1
Let a be (3/(-12))/(2/(-8)). Let j = a + -2. What is the units digit of 8/(-3)*(j - 2)?
8
Let u be 1*4*(-6)/(-12). Let q(p) = -u + 0 + 8 - 2*p. What is the tens digit of q(-6)?
1
Suppose -4*k + 240 = k. Suppose -k = -3*p - p. What is the units digit of p?
2
Suppose 2*o = -n + 10, -3*n - 10 = -0*o - 2*o. Suppose -4*q + 2*z = -44, -4*z = q - o*z - 12. What is the units digit of q?
0
Suppose 2*z = 5 + 3. Suppose z*x = 2*g + 6, g - 2*g - 1 = -x. Let t = x - -2. What is the units digit of t?
4
Let t = 7 + -4. Suppose -21 = -t*b - 6. Suppose 23 - 3 = -4*h, 5*g = -b*h. What is the units digit of g?
5
Let d(h) = h**2 + 5*h + 6. Let s be d(-7). Suppose -4*c + s = -0*c. Let n = c + -2. What is the units digit of n?
3
Let a(w) = 45*w**3 - 3*w + 2. Let i(t) = t**3 - 8*t**2 + t - 7. Let g be i(8). What is the units digit of a(g)?
4
Suppose -3*a + 0*a = -291. Suppose 0*u = -5*u - 3*r + a, -13 = -u + r. What is the tens digit of u?
1
Suppose -1 + 57 = 2*s. What is the tens digit of s?
2
Suppose -4*o + 12 = -3*l, -3*l + 8*l + 2*o = -20. Let z(j) = 2*j**2 + 6*j + 4. What is the tens digit of z(l)?
1
Let v(x) = -x**3 - 9*x**2 - 15*x - 16. What is the tens digit of v(-10)?
3
Let i be ((-35)/(-14))/(1/2). Suppose 0*p - 5*q = -i*p - 15, -3*p + 7 = 5*q. What is the units digit of 96/6 + (-4 - p)?
3
What is the tens digit of (-1)/(-3*(-1)/(-183))?
6
Let c(a) = 13*a**3 - 3*a**2 - 2*a + 4. What is the units digit of c(2)?
2
Let u = -23 - -1. Let k = u - -28. What is the units digit of k?
6
Let c(g) = g**3 - 9*g**2 - 9*g + 6. Let v be c(10). What is the tens digit of 24/v*52/6?
1
Let x = -5 - -7. Suppose 5 = -x*u - 0*u - 5*v, -2*u - 3*v + 5 = 0. What is the units digit of u?
0
Let q = 20 + -35. Let l be (-66)/(-15) - (-6)/q. Suppose -5*z = -0*z - 3*u - 19, 2*z = -l*u - 8. What is the units digit of z?
2
Let q = 0 + 1. Suppose 4*w - 4*m - 21 = w, 2*m = 4*w - 18. Suppose -5*n + 9 = -2*i, -5*i + 7 = -w*n + q. What is the units digit of i?
3
Suppose 4*o + 3*i = -3, -5*o - 4*i - 2 = 3. What is the tens digit of ((-92)/(-12))/(1/o)?
2
Let c be (-112)/(-20) + 4/10. Suppose -2*n = c - 32. What is the tens digit of n?
1
Let i = 5 - 3. What is the units digit of ((-2)/i)/((-1)/3)?
3
Suppose -4 - 20 = -4*d. Suppose -5*k = 5*q, k = d*q - q + 24. What is the units digit of k?
4
Let j be 12/(-8)*16/(-6). Suppose 4*z = -a - 0*z + 4, -j = -z. Let d(h) = -h + 3. What is the tens digit of d(a)?
1
Let i(h) = h**2 + 11*h - 5. Let g be i(-11). Let t(d) = d**3 + 5*d**2 - d - 1. Let x be t(g). Suppose 0*a = x*a - 12, -z + 14 = a. What is the units digit of z?
1
Let k(u) = -3*u**3 + 25*u**2 - 13*u - 19. Let r(n) = -n**3 + 8*n**2 - 4*n - 6. Let w(d) = 2*k(d) - 7*r(d). What is the tens digit of w(6)?
1
Suppose -g - 638 = -5*h, h - g - 126 = -0*g. What is the tens digit of h?
2
What is the units digit of (21/35)/(3/15)?
3
Let o = 36 - 7. What is the units digit of o?
9
Let s(h) = 31*h + 30. What is the units digit of s(11)?
1
Let g(o) = o**3 - 8*o**2 + o - 10. Let n be g(8). Let h be n*(-2 + 5)/6. Let s = 4 - h. What is the units digit of s?
5
Suppose 60 = 2*b + b. Let v = b + -12. What is the units digit of v?
8
Suppose t = -2 + 11. Suppose t = 2*z - 15. What is the units digit of z?
2
What is the units digit of (-2)/(-4) + (-85)/(-2)?
3
Let l = 94 - 14. What is the tens digit of l?
8
Let d = 165 + -117. What is the units digit of d?
8
Let c(m) = -m**3 + 3*m**2 - 2. Suppose 4*u = 12 - 4. Let d = u + 0. What is the units digit of c(d)?
2
Suppose 2*w + 5*l + 6 = 0, -4*l = 5*w - 1 - 1. What is the units digit of (6/w)/(1/7)?
1
Let k be (-2 - 22/4)*12. What is the tens digit of (-2)/3*k/4?
1
Suppose c - 1 = 2. Suppose 10 = c*x - x. What is the units digit of x?
5
Suppose -j - 2*j + 13 = a, -5 = -j - a. Suppose -j*g - 4*i = -16, 4*i + 0*i = -3*g + 17. What is the tens digit of ((-18)/45)/(g/35)?
1
Let r be 936/66 - (-2)/(-11). Suppose 2*q + r = 3*q. What is the units digit of q?
4
Let c = 8 + -4. Suppose c*n - 11 = 13. Suppose 0 = -4*r + 8, -4*v = -n*v + r + 12. What is the units digit of v?
7
Suppose 3*r - 20 = -2*r. Suppose 0 = -5*g + 17 - 2. Suppose -g*l = 2*x + 1 - 4, 3*x - 13 = r*l. What is the units digit of x?
3
Suppose -5*f - 3*o = -112, 6*o - 12 = 3*o. What is the units digit of f?
0
Suppose 2*o = 5*z - 0*o - 185, 3*z + 3*o = 111. Suppose d + 2*b = z, 4*d - 146 = 4*b + 50. Suppose v - d = -2*v. What is the tens digit of v?
1
Suppose -30*v + 316 = -26*v. What is the tens digit of v?
7
Suppose -6 = -9*b + 6*b. Suppose -b = 5*c - 12. Suppose c*v + 2*u - 12 = -0*u, 2*v = 2*u + 32. What is the units digit of v?
1
Let c(z) = -z**3 + 6*z**2 + 8*z + 2. What is the units digit of c(7)?
9
Suppose 0 = -3*i + 3*u + 1101, 3*u - 2*u = -5*i + 1835. What is the units digit of i?
7
Suppose 5*z - d - 2 = 1, -9 = 2*z + 3*d. Let s = z + 2. Suppose -6*y = -s*y - 8. What is the units digit of y?
2
Let j(o) = -o + 2. Let y be 0*(-2 - 5/(-2)). Suppose y = -v - 0*v. What is the units digit of j(v)?
2
Let q(s) = 12*s**2 + 1. Suppose 0 = -3*v - 4*u - 13, 4*v = 2*v - 2*u - 6. What is the tens digit of q(v)?
1
Let d be ((-76)/3)/((-4)/6). Suppose d - 12 = y. What is the units digit of y?
6
Suppose 0 = -4*n - 10 + 30. Suppose -11 + 1 = -n*x. Suppose 0 = -7*s + x*s - 20, 5*p - 3*s - 87 = 0. What is the tens digit of p?
1
Let k = 18 - 13. Suppose 15 = 5*p - k*j, p - 2*p + 5*j